the units digit of 52589553?
3
What is the hundred millions digit of 504291914?
5
What is the hundred thousands digit of 213415168?
4
What is the millions digit of 72273456?
2
What is the hundred thousands digit of 276241962?
2
What is the units digit of 13134677?
7
What is the hundreds digit of 63498237?
2
What is the hundreds digit of 3299041496?
4
What is the tens digit of 1843029753?
5
What is the tens digit of 176668574?
7
What is the thousands digit of 471912023?
2
What is the hundred millions digit of 1434345733?
4
What is the hundreds digit of 61126045?
0
What is the thousands digit of 10049073?
9
What is the units digit of 249602940?
0
What is the hundred thousands digit of 931174503?
1
What is the hundred millions digit of 192718623?
1
What is the millions digit of 3035340570?
5
What is the tens digit of 56132102?
0
What is the hundred thousands digit of 29717615?
7
What is the hundreds digit of 131143245?
2
What is the thousands digit of 215570353?
0
What is the hundreds digit of 1683572202?
2
What is the tens digit of 41378724?
2
What is the hundred millions digit of 109833305?
1
What is the millions digit of 31340898?
1
What is the hundreds digit of 357981891?
8
What is the tens digit of 673751126?
2
What is the ten thousands digit of 233231174?
3
What is the ten millions digit of 62157345?
6
What is the millions digit of 115844985?
5
What is the thousands digit of 7611885?
1
What is the millions digit of 22216033?
2
What is the hundred millions digit of 457786237?
4
What is the ten millions digit of 111394995?
1
What is the millions digit of 34451886?
4
What is the hundred millions digit of 831619087?
8
What is the tens digit of 877987351?
5
What is the thousands digit of 50070415?
0
What is the ten millions digit of 2771242294?
7
What is the millions digit of 51611365?
1
What is the thousands digit of 32740245?
0
What is the hundred thousands digit of 73963320?
9
What is the tens digit of 175805832?
3
What is the thousands digit of 98855755?
5
What is the millions digit of 855851333?
5
What is the units digit of 49609187?
7
What is the hundreds digit of 92508250?
2
What is the millions digit of 16430079?
6
What is the millions digit of 1950781735?
0
What is the millions digit of 184413588?
4
What is the hundreds digit of 715083208?
2
What is the ten thousands digit of 66274407?
7
What is the millions digit of 704655578?
4
What is the ten thousands digit of 24493910?
9
What is the tens digit of 614967125?
2
What is the hundred millions digit of 1297409340?
2
What is the ten millions digit of 31644374?
3
What is the millions digit of 344720930?
4
What is the hundreds digit of 1266588824?
8
What is the hundred thousands digit of 46489552?
4
What is the ten millions digit of 17935536?
1
What is the hundreds digit of 26575614?
6
What is the hundred millions digit of 192027268?
1
What is the ten thousands digit of 795974629?
7
What is the hundred millions digit of 153249629?
1
What is the hundred thousands digit of 75895991?
8
What is the units digit of 1145635318?
8
What is the units digit of 139463219?
9
What is the ten thousands digit of 2198478402?
7
What is the tens digit of 136593841?
4
What is the hundred millions digit of 2547390572?
5
What is the units digit of 5249492?
2
What is the hundred thousands digit of 40382374?
3
What is the millions digit of 572753265?
2
What is the ten thousands digit of 65539080?
3
What is the thousands digit of 418773090?
3
What is the units digit of 46688410?
0
What is the tens digit of 150290762?
6
What is the millions digit of 477764488?
7
What is the ten millions digit of 501133649?
0
What is the millions digit of 8208409?
8
What is the hundred millions digit of 1402910709?
4
What is the hundred thousands digit of 129632344?
6
What is the hundreds digit of 2691654450?
4
What is the tens digit of 64222687?
8
What is the ten thousands digit of 42643909?
4
What is the ten thousands digit of 452731528?
3
What is the units digit of 1897115?
5
What is the tens digit of 252880236?
3
What is the thousands digit of 904926427?
6
What is the units digit of 88926257?
7
What is the hundred thousands digit of 152782536?
7
What is the hundred thousands digit of 2188800623?
8
What is the thousands digit of 41844526?
4
What is the thousands digit of 710939518?
9
What is the hundreds digit of 390800251?
2
What is the hundred thousands digit of 11336141?
3
What is the billions digit of 1671245798?
1
What is the thousands digit of 246834708?
4
What is the hundreds digit of 38185229?
2
What is the hundreds digit of 252415061?
0
What is the thousands digit of 46463537?
3
What is the tens digit of 555395978?
7
What is the tens digit of 135466801?
0
What is the tens digit of 568739703?
0
What is the hundred thousands digit of 54674019?
6
What is the ten millions digit of 25432866?
2
What is the millions digit of 74622504?
4
What is the millions digit of 659766050?
9
What is the millions digit of 208482963?
8
What is the millions digit of 15087956?
5
What is the tens digit of 1972957716?
1
What is the hundred thousands digit of 1057941507?
9
What is the millions digit of 989468477?
9
What is the millions digit of 98794470?
8
What is the thousands digit of 46810033?
0
What is the hundreds digit of 24679141?
1
What is the millions digit of 40160860?
0
What is the ten millions digit of 28348364?
2
What is the units digit of 2810852?
2
What is the hundreds digit of 289633916?
9
What is the ten thousands digit of 4712611406?
1
What is the ten millions digit of 53146780?
5
What is the hundred thousands digit of 1776230?
7
What is the millions digit of 31119405?
1
What is the hundreds digit of 90455936?
9
What is the units digit of 263279924?
4
What is the thousands digit of 436066547?
6
What is the hundred millions digit of 248904658?
2
What is the ten thousands digit of 51300963?
0
What is the units digit of 72996260?
0
What is the ten thousands digit of 777486711?
8
What is the units digit of 804934692?
2
What is the tens digit of 658180997?
9
What is the ten millions digit of 1146915557?
4
What is the tens digit of 31985667?
6
What is the hundreds digit of 1052062565?
5
What is the units digit of 61305929?
9
What is the units digit of 88640902?
2
What is the thousands digit of 25192951?
2
What is the ten millions digit of 30584119?
3
What is the ten millions digit of 5043998163?
4
What is the thousands digit of 62418808?
8
What is the ten millions digit of 132174151?
3
What is the ten millions digit of 45073680?
4
What is the hundreds digit of 34286092?
0
What is the ten thousands digit of 1550689340?
8
What is the tens digit of 8051581?
8
What is the hundred millions digit of 252268740?
2
What is the hundreds digit of 813399617?
6
What is the billions digit of 1246441390?
1
What is the units digit of 205764139?
9
What is the billions digit of 1466558453?
1
What is the hundreds digit of 5404092868?
8
What is the millions digit of 112333320?
2
What is the thousands digit of 38795961?
5
What is the hundred millions digit of 823431820?
8
What is the hundred thousands digit of 3003138494?
1
What is the hundred thousands digit of 45310552?
3
What is the hundreds digit of 90857911?
9
What is the billions digit of 4620494278?
4
What is the billions digit of 2458440314?
2
What is the ten thousands digit of 773351943?
5
What is the hundred millions digit of 180024422?
1
What is the ten thousands digit of 1755181492?
8
What is the hundreds digit of 494771964?
9
What is the ten thousands digit of 438969248?
6
What is the hundred thousands digit of 40807199?
8
What is the millions digit of 7474169?
7
What is the hundred millions digit of 248530047?
2
What is the units digit of 122347304?
4
What is the units digit of 2788307331?
1
What is the ten thousands digit of 51492382?
9
What is the tens digit of 5226376840?
4
What is the hundred millions digit of 3685548018?
6
What is the hundred thousands digit of 6200114717?
1
What is the tens digit of 132372115?
1
What is the millions digit of 17569512?
7
What is the ten millions digit of 1323657281?
2
What is the hundred thousands digit of 3427960658?
9
What is the ten thousands digit of 278511455?
1
What is the units digit of 19094315?
5
What is the thousands digit of 728229697?
9
W